52359 a composite number?
True
Is 8981736559 prime?
True
Is 44985131 a composite number?
False
Is 80269741 a prime number?
False
Is 2381548927 prime?
True
Is 28155450673 prime?
False
Is 1623329443 composite?
True
Is 2307959 a prime number?
True
Is 84960203 prime?
False
Is 20124905347 a prime number?
False
Is 140706521 a composite number?
True
Is 595475039 a composite number?
True
Is 5188081421 composite?
False
Is 54083401 composite?
False
Is 1703172619 composite?
True
Is 189881374049 prime?
False
Is 21071956357 prime?
False
Is 55420308787 a prime number?
False
Is 29241300023 a composite number?
True
Is 2473732243 a prime number?
True
Is 2450589683 a composite number?
True
Is 56524775869 a prime number?
False
Is 3091278917 a prime number?
True
Is 6203627693 a prime number?
False
Is 9695644417 composite?
True
Is 206689872341 composite?
True
Is 27481852037 prime?
True
Is 27439154159 prime?
True
Is 11157270541 a composite number?
False
Is 13219391959 a prime number?
False
Is 29927799877 a composite number?
False
Is 4039938083 a prime number?
False
Is 585142001 composite?
False
Is 1146959519 a prime number?
False
Is 23227360237 a prime number?
True
Is 280866647 a prime number?
False
Is 37477126343 prime?
True
Is 3558467741 composite?
True
Is 257973439 a composite number?
True
Is 56683560851 prime?
True
Is 268978511 a composite number?
False
Is 136874471 a prime number?
False
Is 9646708529 a prime number?
True
Is 217177691 a composite number?
False
Is 42255989983 a composite number?
True
Is 1184714051 composite?
False
Is 10431934523 composite?
False
Is 378940651 composite?
True
Is 18404218517 a composite number?
False
Is 172968701 a prime number?
True
Is 280793831 composite?
True
Is 95891676053 composite?
False
Is 27648083891 composite?
True
Is 21259289867 composite?
True
Is 1054401989 prime?
True
Is 72759661 prime?
False
Is 1403301413 prime?
True
Is 32518479439 a prime number?
False
Is 27429082543 a prime number?
True
Is 16968086071 composite?
False
Is 8117437691 a composite number?
True
Is 571042414 prime?
False
Is 27789784427 prime?
False
Is 892727653 composite?
False
Is 64803854581 a prime number?
True
Is 4801058777 a composite number?
False
Is 993770611 a prime number?
True
Is 2130988733 a prime number?
False
Is 53933041 a prime number?
True
Is 102483555505 composite?
True
Is 51938380469 a prime number?
True
Is 221469637 a composite number?
False
Is 2366035237 a prime number?
False
Is 1624095631 composite?
False
Is 1171874371 prime?
True
Is 8083282139 a prime number?
True
Is 3432682321 a prime number?
True
Is 198568627207 a composite number?
False
Is 10127758339 composite?
True
Is 99462430997 a prime number?
True
Is 4358536577 a prime number?
True
Is 1458817 composite?
False
Is 8558595193 a prime number?
False
Is 837137377 composite?
True
Is 49830905647 a prime number?
False
Is 1630596041 composite?
True
Is 88737894629 a prime number?
False
Is 3532809397 a prime number?
False
Is 190619255 a prime number?
False
Is 7557793417 prime?
True
Is 1169796839 composite?
False
Is 61984589 a composite number?
False
Is 115953293 a prime number?
False
Is 22194962249 prime?
False
Is 3844748146 composite?
True
Is 235473773 prime?
False
Is 1570428919 a composite number?
False
Is 24549159511 a composite number?
True
Is 34100797 composite?
False
Is 742852601 prime?
False
Is 2292683069 a composite number?
False
Is 340102753 a prime number?
True
Is 138803263 composite?
True
Is 2710716433 a composite number?
True
Is 19581150317 prime?
True
Is 33218888863 a prime number?
True
Is 16961523 composite?
True
Is 31462011079 prime?
False
Is 12035215843 prime?
False
Is 4299261403 a composite number?
False
Is 8956529 composite?
True
Is 3102107111 composite?
False
Is 10840337813 composite?
True
Is 2037744733 prime?
True
Is 59289564601 a prime number?
False
Is 9312704239 prime?
False
Is 5925158167 a prime number?
True
Is 25040115187 composite?
True
Is 268584661 a prime number?
False
Is 58972267745 composite?
True
Is 5621735227 prime?
False
Is 18902074759 composite?
True
Is 48287729519 a prime number?
True
Is 3190810214 prime?
False
Is 14736314947 a composite number?
False
Is 9178926469 a prime number?
True
Is 516823211 composite?
True
Is 2556829337 prime?
True
Is 228518761 prime?
True
Is 18142409723 prime?
True
Is 3540359843 prime?
True
Is 33218037037 a prime number?
False
Is 2949188023 composite?
False
Is 1148670169 composite?
True
Is 209127467 composite?
True
Is 534723023 prime?
False
Is 199333921555 prime?
False
Is 12231003446 a composite number?
True
Is 78608105423 a composite number?
False
Is 4328084807 prime?
False
Is 1163701111 prime?
False
Is 32229812561 composite?
True
Is 759804191 composite?
False
Is 8061367961 a prime number?
True
Is 26753847941 prime?
True
Is 6600065237 a prime number?
True
Is 22308789577 composite?
False
Is 1880860543 a composite number?
True
Is 570343513 a composite number?
True
Is 1874421005 prime?
False
Is 8916759569 a prime number?
False
Is 3696092243 a prime number?
True
Is 442695367 composite?
False
Is 29555572997 composite?
False
Is 292681913 composite?
True
Is 1081942571 prime?
True
Is 1163205223 composite?
True
Is 70952966921 prime?
True
Is 11495074321 a composite number?
False
Is 2873515795 a composite number?
True
Is 3370354705 prime?
False
Is 1216026442 composite?
True
Is 89358853 prime?
False
Is 2273316263 prime?
False
Is 8230023707 composite?
False
Is 24302051 a composite number?
False
Is 5117851967 a prime number?
True
Is 1125048809 prime?
False
Is 915135101 a prime number?
True
Is 35503463851 prime?
True
Is 4594532821 composite?
True
Is 17032536707 composite?
False
Is 2696260087 a prime number?
False
Is 754859467 prime?
True
Is 1121399581 a composite number?
False
Is 27479977771 a composite number?
False
Is 23055806201 prime?
True
Is 22440169 composite?
True
Is 16992085933 prime?
True
Is 31042972663 a prime number?
False
Is 108394021843 composite?
False
Is 227979742 composite?
True
Is 8446820737 composite?
False
Is 32640110299 composite?
True
Is 59237021 a prime number?
False
Is 10510899139 prime?
False
Is 130350499817 a composite number?
True
Is 746084047 a prime number?
True
Is 226238146919 composite?
True
Is 12003708323 composite?
True
Is 43391982313 prime?
True
Is 217543243 a composite number?
False
Is 13185085051 a composite number?
True
Is 395494339 a composite number?
False
Is 10900316443 a composite number?
False
Is 12745716857 prime?
False
Is 61138644251 a prime number?
False
Is 4906166695 a prime number?
False
Is 17916314323 composite?
True
Is 475630031 a composite number?
True
Is 422173397 prime?
False
Is 4930790101 prime?
True
Is 356635849 prime?
True
Is 1182783289 prime?
True
Is 1333013939 prime?
False
Is 5447302057 a composite number?
True
Is 765874817 a prime number?
True
Is 7778136817 prime?
False
Is 2471427781 a composite number?
False
Is 8781148643 composite?
True
Is 11415922591 composite?
True
Is 7509899803 a prime number?
False
Is 6535943017 prime?
True
Is 1438011217 prime?
True
Is 207044107 prime?
True
Is 1079704081 prime?
False
Is 6611554681 a composite number?
False
Is 16552260659 a composite number?
True
Is 8922412091 prime?
False
Is 43081704619 a composite number?
True
Is 142402523 prime?
False
Is 3590298269 a composite number?
False
Is 1103183831 a composite number?
False
Is 1850185874 a prime number?
False
Is 4139078287 a prime number?
True
Is 1526593403 prime?
True
Is 22434850979 a composite number?
True
Is 4025467601 prime?
False
Is 22688571641 prime?
False
Is 9232495313 a composite number?
False
Is 3048497 composite?
False
Is 13193285359 a prime number?
True
Is 81333041 prime?
True
Is 9597847 composite?
True
Is 3371400289 composite?
False
Is 673010423 a composite number?
False
Is 604301933 prime?
True
Is 1187114191 a prime number?
False
Is 35765357 prime?
False
Is 24210013 prime?
True
Is 21639306569 a composite number?
False
Is 439223454169 a prime number?
True
Is 1687356559 a composite number?
True
Is 5606321527 a composite number?
False
Is 107250106817 a composite number?
True
Is 196531448473 composite?
False
Is 67489621 composite?
True
Is 61777169 composite?
True
Is 808935299 composite?
False
Is 11182742551 prime?
True
Is 3712524659 a composite number?
True
Is 43048917247 a prime number?
False
I